True
Suppose 0 = 4*b + 5*g - 559 - 182, 5*g - 25 = 0. Is b composite?
False
Let y be 1*2/((-6)/243). Let w = 30 - y. Is w prime?
False
Let v = -86 - -33. Is 1 - 2/2 - v prime?
True
Suppose -4*g + 14 = 2*q - q, q = -2*g + 8. Suppose q*r - a + 4*a - 595 = 0, 5*r = -2*a + 1471. Is r a composite number?
False
Let f(a) = 122*a + 3. Is f(4) composite?
False
Suppose 3*m - 5*u - 19 = 0, 2*m - 5*u = -3*m + 35. Suppose -m = -a - a. Is ((-22)/(-4))/(a/56) a prime number?
False
Let v = 16 + -3. Is 1*((0 - 0) + v) a composite number?
False
Suppose 0*j - 1435 = -5*j. Is j a prime number?
False
Suppose 2*m = 3*s - 30, 0*s - 15 = m + 2*s. Let z = m - -82. Is z composite?
False
Suppose 5*d - 2*d + 6 = 0. Let b be 3*d*(-3)/6. Suppose b*h - 67 - 98 = 0. Is h composite?
True
Let y be -5 + 0 - 0 - 1. Let g be (-4)/14 + y/(-21). Suppose 0 = -g*q + q - 51. Is q a prime number?
False
Let w = -4004 + 7597. Is w composite?
False
Let s = 117 - 64. Is s composite?
False
Let g be (-8)/(-12) + (-2)/(-6). Is g/(-3) - (-292)/3 composite?
False
Is 15/(-3) + 4976 + -4 prime?
True
Suppose 5 = 3*p - 2*p. Suppose h - 272 = -5*l, -4*l + 655 = p*h - 684. Suppose -5 = -5*o, 0*f + o + h = 4*f. Is f prime?
True
Suppose -5*k = d + 26 - 87, 2*d = 2. Is (-110)/(-4)*k/10 composite?
True
Let f(a) be the second derivative of -11*a**3/3 - a**2/2 + a. Is f(-4) composite?
True
Suppose -p + 364 = -3*g + 38, 3*p - 5*g - 974 = 0. Is p composite?
True
Is 3 - ((2 - 668) + -2) composite?
True
Suppose 80 = -3*k - 73. Let r = k + 128. Is r composite?
True
Suppose 6*q - 10*q = -40. Is (6 - q)*1/(-2) prime?
True
Let q(a) = -9*a - a**2 + 0*a**2 - 4 + 2 + 3*a**2. Is q(9) a composite number?
False
Suppose 2*v + 380 = -2*v. Let q(w) = 20*w - 1. Let z be q(-7). Let a = v - z. Is a a composite number?
True
Suppose -3*q - q - 12 = 0. Let u(g) = -31*g - 1. Let i be u(q). Suppose 0 = 3*b + b - i. Is b prime?
True
Let j = 2955 - 1556. Is j a prime number?
True
Suppose 0 = -r + 2 + 5. Let d(s) = -s**2 + 13*s - 5. Is d(r) a prime number?
True
Let s be 7 + -4 + -11 - 4. Is (-3)/s - (-4737)/12 a prime number?
False
Suppose -39 = 3*v + 2*m, 0*v = -2*v - 2*m - 26. Suppose 0*n + 3*n - 54 = 0. Let d = n - v. Is d a composite number?
False
Let i = 1511 - 793. Suppose j - 241 = -l, -3*j - 6*l = -2*l - i. Let f = 415 - j. Is f prime?
False
Let v be 0 + 2 + -2 + 0. Suppose 4*j - 115 + 15 = v. Is j a prime number?
False
Let w be -7 + 0 - (4 + -1). Let h(a) = -a**2 - 10*a + 1. Let b be h(w). Is (-15)/6*(b - 23) composite?
True
Suppose 5*g = 645 + 20. Suppose -2*m = -g + 23. Is m a prime number?
False
Is (-4 + 12)/4 + 353 prime?
False
Suppose -3*s = 15 + 9. Let q = 15 + s. Suppose 4*a - 52 = -2*f, q*a - 49 = 4*a + f. Is a a prime number?
False
Is 651 - (16/2)/2 a composite number?
False
Let a be (-10)/6 + (-3)/9. Let d be 3 - (-1)/(-2)*a. Is 67*(d/(-2))/(-2) prime?
True
Let n be 1210/30 - 1/3. Suppose -n - 108 = -4*l. Is l composite?
False
Suppose -24 = -0*q + 4*q. Suppose 0*d - 3*d = 0. Is 2*(-45)/q - d a composite number?
True
Let i(h) = -3*h**3 + 6*h**2 - 7*h + 5. Let j(k) = -16*k**3 + 29*k**2 - 36*k + 26. Let p(x) = -11*i(x) + 2*j(x). Is p(8) a prime number?
True
Let y = 12 + 13. Suppose -2*x + y = -561. Is x a composite number?
False
Let w = 5585 - 3382. Is w a composite number?
False
Let l be (-4)/(39/41 + -1). Let w = l + -3. Is w prime?
True
Let r = 0 - -2. Suppose 972 = 6*p - r*p. Suppose 0 = 4*x + 5*f - p, -286 + 100 = -3*x - 3*f. Is x a prime number?
True
Is 8/(-44) + 42147/33 a composite number?
False
Suppose 0 = -3*t + 2*t - 5*l + 17, 4*t - 4*l = -4. Let a be t + -1 + (113 - -1). Suppose 3*o - 8*o = -a. Is o a composite number?
False
Let o(j) = 63*j - 22. Is o(13) a composite number?
False
Let r = 70 - -91. Is r composite?
True
Let w(h) = 272*h**2 - 5*h - 1. Is w(-2) a composite number?
False
Let s(t) = 11*t**3 + 2*t - 3. Is s(2) composite?
False
Let l(r) = -3*r - 10. Let b = 6 - 4. Suppose b*x + 0 = 10, 0 = 5*y + 5*x + 10. Is l(y) a prime number?
True
Let o be 4 + -2 - 8 - -1. Let n = -4 - o. Let z(b) = 79*b. Is z(n) prime?
True
Let n = 13 + -8. Suppose 0 = n*t - 62 - 63. Is t a composite number?
True
Let u be 6/(-4) - (-1)/2. Is (-84)/(-4) + (-3 - u) a composite number?
False
Let c(m) = 599*m. Let i be c(1). Let f = -388 + i. Is f prime?
True
Suppose -4*a = a - 10. Suppose -i + a = -2*i. Is -1*i/6*201 a prime number?
True
Let f = 8 + -3. Suppose f*p - 130 = 55. Is p composite?
False
Let d(l) = l**2 - l + 4. Let y be d(-4). Let b = y - 50. Let n = b + 117. Is n a composite number?
True
Suppose -16*h + 11701 + 31963 = 0. Is h prime?
True
Let w be -6*(6/9)/(-1). Suppose 4*o - 2*g + 20 = g, -g + 12 = -w*o. Is (88/(-4))/(1*o) prime?
True
Is (-2 - 0)/(2*(-4)/76) a composite number?
False
Suppose 2*l = l + 3, 3*l - 127 = -2*g. Is g a prime number?
True
Suppose 5*a - 11871 = 9114. Is a prime?
False
Let b(a) = -a**2 - a - 2. Let f be b(0). Let o be (-11)/f + 3/6. Let j = 13 + o. Is j composite?
False
Let q = -146 - -565. Is q a prime number?
True
Suppose 2*b - 128 = 5*v, -4*v + 6 = -v. Is b/2 - (-12)/24 a prime number?
False
Suppose 4*f + 2 = -6. Let v = f + 2. Suppose 6*h - 3*h - 483 = v. Is h prime?
False
Suppose 110 = 4*b - 414. Is b a composite number?
False
Suppose 4*o + 99 = 5*o. Suppose w + 2*w = o. Is w composite?
True
Let l be (-3)/(-2 - 2338/(-1172)). Let x = -155 + l. Is x a prime number?
True
Suppose 2*n + 173 = n. Let q = n + 294. Is q composite?
True
Let r(o) = 3*o**2 + 5*o - 1. Let y be 56/(-10) + (-2)/5. Is r(y) a prime number?
False
Suppose -m = -0*y - 5*y + 293, 3*m + 9 = 0. Is y a prime number?
False
Let d(i) = -i**3 + 7*i**2 + 4*i - 7. Let g(j) = j**3 - 8*j**2 - 3*j + 6. Let q(l) = -3*d(l) - 2*g(l). Is q(6) prime?
False
Let p = 271 + -172. Let u = -64 + p. Suppose 0 = -7*i + 2*i + u. Is i a composite number?
False
Let j = 7634 + -2863. Is j a prime number?
False
Suppose -d - 5*g = -63, 4*d + 2*g - 159 = 57. Suppose 5*u = 72 + d. Is u a prime number?
False
Let d be (-5 - -7)/(2/86). Suppose 69 + d = l. Is l prime?
False
Let g(a) = -a**2 - 8*a - 8. Let w be g(-6). Suppose -w*s + 4*b = 227 - 1043, -3*s - 5*b + 572 = 0. Is s prime?
True
Let y = 4 + -12. Is ((-18)/8)/(3/y) a prime number?
False
Let p = 32 + 87. Is p composite?
True
Suppose -l + 6*l = g - 29, 4*l = -4*g - 4. Is (466/(-3))/(g/(-6)) composite?
False
Let u(x) = -12*x + 10. Let o be u(-7). Let f = -94 + 35. Let y = f + o. Is y prime?
False
Let k(z) = -4*z - 1. Let g = -6 + 9. Let q be (-1)/g*(-4 + 7). Is k(q) prime?
True
Let y = 6 - 4. Suppose -q + 15 = 4*q + o, -y*o - 18 = -2*q. Suppose 0 = q*a - 0*a - 308. Is a composite?
True
Let k be 90/25 - (-2)/5. Let s = -141 - -305. Suppose -g = 4*f + 3*g - s, -5*f + k*g = -187. Is f a prime number?
False
Let b(w) be the first derivative of 2*w**4 - 2*w**3/3 + 5*w**2/2 - 6*w - 1. Let v(r) = -r**3 + r**2 - r + 1. Let p(u) = -b(u) - 5*v(u). Is p(-2) composite?
False
Let l = 7 - 7. Let z(d) = d**3 + d**2 - 49. Let j be z(l). Let w = j - -108. Is w a composite number?
False
Let y(f) = f**3 - 8*f**2 + 9*f + 5. Let a(g) = g**3 - 5*g**2 - 8*g - 3. Let s be a(6). Let z = s + 23. Is y(z) composite?
True
Suppose 23*t - 20*t - 7545 = 0. Suppose 0 = 4*k + 5*y - t, 0*k + 3200 = 5*k - 5*y. Is k composite?
True
Let p(h) = 31*h**2 + 7*h - 7. Is p(-6) a composite number?
True
Suppose -5*a = -n + 553, -285 + 59 = 2*a - 2*n. Let q = a - -287. Suppose -2*z = z - q. Is z prime?
True
Suppose 3*z - 4 = 2. Suppose -6 = -2*r, r = 4*a - z*a - 203. Is a prime?
True
Let c = 135 - -44. Is c a prime number?
True
Suppose -b - 3*b + 2324 = 0. Is b a prime number?
False
Let d be -2 + 1293/3 + 0. Suppose t + d = 4*t. Is t a prime number?
False
Is (39/6)/((-21)/22 - -1) prime?
False
Suppose -3*u + 3126 + 1007 = -2*f, -3*u - 2*f = -4153. Is u a prime number?
True
Let x = 452 - 256. Let p = x + -138. Is p prime?
False
Suppose 3*n = 6 - 0. Let v(p) = 24*p**3 + 2*p**2 - 3*p. Let g be v(n). Suppose 0 = 5*j + 3*i - g, 3*i + i + 25 = j. Is j composite?
False
Is 23139/33 - 2/11 a composite number?
False
Suppose -4*k + 2*k = -2, k - 8860 = -3*v. Is v a prime number?
True
Let s = -107 - -256. Is s prime?
True
Suppose -149 = -r + 336. Is r prime?
False
Let i = -7 + 5. Is (-333)/(-4) + i/8 a composite number?
False
Suppose 0 = v - 1, -3*v + 2520